t is the units digit of p?
4
What is the units digit of ((-296)/14)/(14/(-49))?
4
What is the tens digit of (-1)/4 + 143/(-52) + 172?
6
Let d = 3859 + -1240. What is the tens digit of d?
1
Let i = -6 + 6. Suppose u + 3*u - 48 = i. What is the units digit of (-31)/(-6) - 2/u?
5
Let u(q) = -2*q**3 - q**2 + 1. Let l be u(-1). Suppose -i - 316 = -l*f + 4, 0 = -5*i + 5*f - 1590. What is the units digit of 4/(-12) - i/12?
6
What is the hundreds digit of (226 - 10)*(-26)/(-6)?
9
Suppose 4*x = 3*m + 20, 0 = 2*m - 4*m - 8. Suppose 3*s - 10 = -x*s. What is the tens digit of 3199/49 + s/(-7)?
6
What is the tens digit of (325/2)/(2/4)?
2
Let o(z) = z + 14. Let r be o(-12). Suppose 3*s - 8 = -3*i + 70, 0 = r*s + 5*i - 49. What is the units digit of s?
7
Let g(n) = -n**2 - 96*n - 37. What is the hundreds digit of g(-40)?
2
Let v(r) = r**2. Let u be v(1). Let s be -7 + u/(-1 + 2). What is the tens digit of s/30 + 262/10?
2
Let b(c) = -c**3 - 3*c**2 + 3*c - 2. Let r be -5*(-11)/(55/18). Let i = 13 - r. What is the units digit of b(i)?
3
Suppose -x = -4*z + 2*x + 1256, 2*z = -3*x + 646. What is the units digit of z?
7
Suppose 4*h - c + 5*c = -440, -3*h - 346 = -5*c. Let z = h + 51. Let i = -33 - z. What is the tens digit of i?
2
Let u(d) = d**2 + 8*d - 16. Let p be u(-10). What is the units digit of (2212/42)/((p/6)/1)?
9
Let t = 84 + -80. What is the tens digit of 4/4*t - -74?
7
Let k(u) = u**3 - 7*u**2 + u - 5. What is the tens digit of k(9)?
6
Let l be 1/5*75/(-10)*-14. Let q(c) = c + 39. What is the units digit of q(l)?
0
Let l be -1 + 1 + (-30)/(-6). Suppose 2*n + 5*v - 89 = 0, l*v + 0*v + 121 = 3*n. What is the tens digit of (n/(-4))/(6/(-8))?
1
Suppose 4*a + 110 = -2. Let y be (a/8)/((-2)/4). Suppose -140 = -3*o + y. What is the units digit of o?
9
Let p = -10 - -65. Let d = p - 26. What is the tens digit of d?
2
Suppose -k + 5*k = 80. Let l(f) = -2*f**2 + 47*f + 1. What is the units digit of l(k)?
1
Suppose -1463 + 11542 = 3*r + 2*n, 2*r - 2*n - 6716 = 0. What is the tens digit of r?
5
Let j = 4 - 5. Let q be (j + -1 - 0) + 10. Let s = q + 3. What is the tens digit of s?
1
Let b(p) = -3*p + 22. Let f be 4/(-1) + 6 - 10. What is the units digit of b(f)?
6
Suppose -8*v - 2390 = -13*v. What is the hundreds digit of v?
4
Let f = -808 + 4814. What is the hundreds digit of f?
0
Let r = 155 + -155. Let n be 0 - 2 - 12/(-2). Suppose -z - 3*h - 2 = 7, r = -z + n*h + 19. What is the units digit of z?
3
Suppose -5*i + 108 = -2*a, -2*i + 24 = 3*a + a. Let j be (30/i)/((-2)/28). Let r = j - -51. What is the tens digit of r?
3
Suppose -2*x = 195 - 2563. What is the tens digit of x?
8
Let x(o) = 3*o**3 - 5*o + 7. Suppose 0 = -b - 4*b + 80. Let m be (b/(-12))/(4/(-6)). What is the units digit of x(m)?
1
Suppose -9716 = -78*l + 119530. What is the thousands digit of l?
1
Let o be (4/(-20))/(1/(-15)). What is the units digit of 1 + 798/o + 2?
9
Let v = 2 - 4. Let t be -2*(-2)/(0 + -2). What is the units digit of t/(-6) - v/3?
1
Let n(c) = -c**2 + 12*c - 6. Let l be n(10). Let a(z) = -z**2 + 13*z + 14. Let b be a(l). What is the tens digit of 100/8*(b + 2)?
2
Let i = -39 - -32. Let u be (i/14)/(2/(-204)). Suppose u = -j + 2*j. What is the tens digit of j?
5
Suppose 0*v + 4*l = -3*v - 9, -l + 10 = -v. What is the tens digit of 30*v/(-14)*96/10?
4
Suppose -7 = -2*y + 2*c + 15, 3*y + c = 21. Suppose y*a - 3*a = -10. What is the units digit of 16*a/8*-2?
8
Suppose f - 254 = -o, -o + 1019 = 7*f - 3*f. What is the units digit of (-2)/(-17) + 5580/f?
2
Let r = 7123 + -4934. What is the thousands digit of r?
2
Let x(p) be the third derivative of -p**4/4 - p**3/6 + 20*p**2. What is the tens digit of x(-8)?
4
Let o(q) = q**2 + 16*q - 44. Let n be o(-18). What is the hundreds digit of ((-6)/n - (-8296)/32) + -2?
2
Suppose 2*u - 3*g = 120, 4*g = 5*u - 119 - 195. What is the units digit of u?
6
Suppose -u - 4*u + 1315 = 0. Let p = -16 + u. What is the tens digit of p?
4
Let q(z) = z**2 + 4*z + 1. Let c be q(-4). Let d(v) = 30*v - 5. Let k(l) = l - 1. Let m(j) = d(j) - 5*k(j). What is the units digit of m(c)?
5
Let v = -36 + 133. Let r = v - 60. Suppose m - 2*m + r = 0. What is the units digit of m?
7
Let i(t) = t**2 + 2*t - 2. Let d be i(1). Let u(h) = 128*h + 2. What is the units digit of u(d)?
0
Let v = 292 - 244. What is the tens digit of v?
4
Let j(y) = y**3 - 5*y**2 - 3*y + 4. Let v be j(6). Suppose -f = -2*a + v, -3*f + 0*f - 111 = 3*a. Let n = 59 + f. What is the tens digit of n?
2
Let m(b) be the third derivative of b**4/12 + 3*b**2. Let w be m(4). Suppose 4*y - w = 8. What is the units digit of y?
4
Let k = -176 - -3414. What is the thousands digit of k?
3
Let x(h) = 431*h**2 - 36*h + 35. What is the units digit of x(1)?
0
Let d(w) = w - 1. Let g be d(4). Suppose -g*f = 3*m - 180, -59 = -5*m + 3*f + 257. What is the tens digit of m?
6
Let z = -89 - 80. Let x = 250 + z. What is the tens digit of x?
8
Let j be (-4)/10 + (-4)/(-10). Suppose j = 2*z - 4. Suppose 3*q - 55 = -z*h, -2*h - h - 3*q = -90. What is the tens digit of h?
3
Suppose 2*c - 5*h = -0*c + 791, 3*c + 5*h - 1249 = 0. What is the units digit of c?
8
Suppose 5*z - 2*i = 23678 - 5994, 0 = 4*z + i - 14142. What is the tens digit of z?
3
Suppose 0 = -6*b + b + 150. Let i be (-20)/3 + (-1)/3. Let d = i + b. What is the tens digit of d?
2
Let o = 116 - 173. Let t(x) = -23*x + 6. Let r be t(4). Let k = o - r. What is the tens digit of k?
2
Suppose 0 = 2*o - 4*m - 282, 4*o - 2*m + 4*m - 544 = 0. Suppose 0 = 5*b + o - 362. What is the tens digit of b?
4
Let w be (-3 - 109)/(-1 - 0). Let v = -71 + w. Suppose 2*u - v = 37. What is the units digit of u?
9
Let q(j) = j - 5. Let g be q(10). Let v(x) = 5*x + 9 + g - 31. What is the units digit of v(7)?
8
Let y(k) = k**2 - 7*k - 5. Let s(j) = -j**2 - 5*j + 15. Let u be s(-8). What is the tens digit of y(u)?
3
Suppose 4*u - 4*z = 7*u - 2111, 0 = 4*u - 4*z - 2796. What is the tens digit of u?
0
Suppose 2*n - 882 = -2*d, 3*n - 2*d - 2*d - 1330 = 0. What is the hundreds digit of n?
4
Let j(w) = w**3 + 8*w**2 + 6*w - 3. Let y be (-14)/(-49) + 153/(-21). Let x be j(y). Suppose 2*b = -4 - x, b = -3*q + 2. What is the units digit of q?
2
Suppose -3*k + 3 = 12. Let h be (-54)/12*(k - -1). What is the units digit of (-1)/(26/h + -3)?
9
Suppose -18*g = -0*g - 36. Suppose -2*b + 216 = g*d, -4*d + 3*b - b + 432 = 0. What is the tens digit of d?
0
Let q(c) = -c + 7. Let w be q(0). Suppose -k = -4*i - 2*k + 11, -k - w = -2*i. Suppose -3*x = -5*y - 247, x = -i*x + 2*y + 306. What is the units digit of x?
4
Let s(c) = 2*c**3 - 8*c**2 + 12*c - 4. What is the units digit of s(4)?
4
Let i(q) = -q**3 - 6*q**2 + 6*q - 12. What is the tens digit of i(-11)?
2
Suppose 0 = f - 6 + 1. Suppose -n + 2*n = f. Suppose 3*i + 90 = n*i. What is the tens digit of i?
4
Let l be 0/((-5)/(5/(-2))). Suppose l*a + 3*a - 3 = 0. Let x(m) = 19*m**3 + m**2. What is the units digit of x(a)?
0
Let l = -17 + 6. Let j = l + 15. What is the units digit of (2 + (15 - j))*1?
3
Let q = -586 - -1009. What is the hundreds digit of q?
4
Let t be 14/(-6) - 2/(-6). Let k(n) be the third derivative of -n**6/60 - n**5/60 + n**4/12 - n**3/6 + 210*n**2. What is the units digit of k(t)?
7
Let c(f) = 23*f**2 - 4. Let b be c(-4). Suppose -6*w = -2*w - b. What is the units digit of w?
1
Suppose 2*f = 2, 4*p = -3*f - f + 24. Suppose -a = -p*h + 3*a + 546, 3*h - 326 = 4*a. What is the units digit of h?
0
Let s(i) be the first derivative of 2/3*i**3 - 5/2*i**2 - 6 - 12*i. What is the tens digit of s(6)?
3
Suppose -5*z + 4*k = -1910, 9*k + 20 = 5*k. Suppose 2*h = r + 538, -710 - z = -4*h + 5*r. What is the hundreds digit of h?
2
Let n(h) = -h**3 - 4*h**2 + 6. Let m be n(-6). Let y = -44 + m. What is the tens digit of y?
3
Let n(b) be the third derivative of -b**6/120 - 11*b**5/60 - 13*b**4/24 + 5*b**3/6 + 16*b**2. What is the units digit of n(-10)?
5
Let g = 45 + -45. Suppose -3*d + 2*i = -281, g*d = 5*d + 3*i - 443. What is the tens digit of d?
9
Suppose -n = -4*k + 538, 2*k - 262 = -0*n + 4*n. Let g be 2/2 - k/(-3). Suppose 28 = x - 0*z - z, x + 5*z = g. What is the units digit of x?
1
Let h(f) = -f + 2. Let m be h(-4). What is the tens digit of -3*(-4)/m*23?
4
Suppose -p - 12 = -d + 3*p, 2*p + 6 = 3*d. Suppose 0 = 4*b + 5*l - 44, 12 = 3*l